{"id":6602,"date":"2020-07-16T01:08:43","date_gmt":"2020-07-15T23:08:43","guid":{"rendered":"https:\/\/raffinessen.ch\/webseite\/?post_type=product&#038;p=6602"},"modified":"2022-12-30T17:33:17","modified_gmt":"2022-12-30T16:33:17","slug":"quebec","status":"publish","type":"product","link":"https:\/\/www.raffinessen.ch\/fr\/produit\/quebec\/","title":{"rendered":"Qu\u00e9bec (pr\u00e9c\u00e9demment Cacao d'\u00e9rable)"},"content":{"rendered":"<p><strong>Composition<\/strong><br \/>\nsucre d'\u00e9rable 65%, cacao Grand Cru Maracaibo caram\u00e9lis\u00e9 20%, vanille, gingembre, cardamome, clous de girofle, cannelle<\/p>\n<p><strong>Information<br \/>\n<\/strong>Le go\u00fbt caram\u00e9lis\u00e9 du sucre d'\u00e9rable combin\u00e9 aux notes d\u00e9licatement am\u00e8res et terreuses du cacao Grand Cru sont les \u00e9l\u00e9ments marquants de ce m\u00e9lange. Ils sont accompagn\u00e9s d'ar\u00f4mes envo\u00fbtants de vanille et d'un soup\u00e7on de gingembre et de cardamome.<\/p>\n<p><strong>Inspiration<\/strong><br \/>\nClassique : desserts de toutes sortes et cr\u00e9ations de caf\u00e9<br \/>\nNos d\u00e9couvertes : Salade de fruits, Cappuccino, Cr\u00eapes sucr\u00e9es au chocolat et \u00e0 la banane, Steak de porc, Glace \u00e0 la vanille<\/p>\n<p><em>M\u00eame contenu, nouveau nom : Qu\u00e9bec remplace l'appellation \"cacao d'\u00e9rable\".<\/em><\/p>","protected":false},"excerpt":{"rendered":"<p><strong>50 g<\/strong><\/p>","protected":false},"featured_media":5122,"template":"","meta":[],"product_brand":[],"product_cat":[1178],"product_tag":[],"class_list":{"0":"post-6602","1":"product","2":"type-product","3":"status-publish","4":"has-post-thumbnail","6":"product_cat-grob","7":"tm-no-options","9":"first","10":"instock","11":"taxable","12":"shipping-taxable","13":"purchasable","14":"product-type-simple"},"yoast_head":"<!-- This site is optimized with the Yoast SEO plugin v27.5 - https:\/\/yoast.com\/product\/yoast-seo-wordpress\/ -->\n<title>Qu\u00e9bec (bisher Ahorn Kakao) - Raffinessen<\/title>\n<meta name=\"robots\" content=\"index, follow, max-snippet:-1, max-image-preview:large, max-video-preview:-1\" \/>\n<link rel=\"canonical\" href=\"https:\/\/www.raffinessen.ch\/fr\/produit\/quebec\/\" \/>\n<meta property=\"og:locale\" content=\"fr_FR\" \/>\n<meta property=\"og:type\" content=\"article\" \/>\n<meta property=\"og:title\" content=\"Qu\u00e9bec (bisher Ahorn Kakao) - Raffinessen\" \/>\n<meta property=\"og:description\" content=\"50 g\" \/>\n<meta property=\"og:url\" content=\"https:\/\/www.raffinessen.ch\/fr\/produit\/quebec\/\" \/>\n<meta property=\"og:site_name\" content=\"Raffinessen\" \/>\n<meta property=\"article:modified_time\" content=\"2022-12-30T16:33:17+00:00\" \/>\n<meta property=\"og:image\" content=\"https:\/\/www.raffinessen.ch\/webseite\/wp-content\/uploads\/2020\/03\/ahorn-kakao-gewuerz-kreis-raffinessen.jpg\" \/>\n\t<meta property=\"og:image:width\" content=\"2500\" \/>\n\t<meta property=\"og:image:height\" content=\"2500\" \/>\n\t<meta property=\"og:image:type\" content=\"image\/jpeg\" \/>\n<meta name=\"twitter:card\" content=\"summary_large_image\" \/>\n<meta name=\"twitter:label1\" content=\"Dur\u00e9e de lecture estim\u00e9e\" \/>\n\t<meta name=\"twitter:data1\" content=\"1 minute\" \/>\n<script type=\"application\/ld+json\" class=\"yoast-schema-graph\">{\"@context\":\"https:\\\/\\\/schema.org\",\"@graph\":[{\"@type\":\"WebPage\",\"@id\":\"https:\\\/\\\/www.raffinessen.ch\\\/produkt\\\/quebec\\\/\",\"url\":\"https:\\\/\\\/www.raffinessen.ch\\\/produkt\\\/quebec\\\/\",\"name\":\"Qu\u00e9bec (bisher Ahorn Kakao) - Raffinessen\",\"isPartOf\":{\"@id\":\"https:\\\/\\\/www.raffinessen.ch\\\/#website\"},\"primaryImageOfPage\":{\"@id\":\"https:\\\/\\\/www.raffinessen.ch\\\/produkt\\\/quebec\\\/#primaryimage\"},\"image\":{\"@id\":\"https:\\\/\\\/www.raffinessen.ch\\\/produkt\\\/quebec\\\/#primaryimage\"},\"thumbnailUrl\":\"https:\\\/\\\/www.raffinessen.ch\\\/webseite\\\/wp-content\\\/uploads\\\/2020\\\/03\\\/ahorn-kakao-gewuerz-kreis-raffinessen.jpg\",\"datePublished\":\"2020-07-15T23:08:43+00:00\",\"dateModified\":\"2022-12-30T16:33:17+00:00\",\"breadcrumb\":{\"@id\":\"https:\\\/\\\/www.raffinessen.ch\\\/produkt\\\/quebec\\\/#breadcrumb\"},\"inLanguage\":\"fr-FR\",\"potentialAction\":[{\"@type\":\"ReadAction\",\"target\":[\"https:\\\/\\\/www.raffinessen.ch\\\/produkt\\\/quebec\\\/\"]}]},{\"@type\":\"ImageObject\",\"inLanguage\":\"fr-FR\",\"@id\":\"https:\\\/\\\/www.raffinessen.ch\\\/produkt\\\/quebec\\\/#primaryimage\",\"url\":\"https:\\\/\\\/www.raffinessen.ch\\\/webseite\\\/wp-content\\\/uploads\\\/2020\\\/03\\\/ahorn-kakao-gewuerz-kreis-raffinessen.jpg\",\"contentUrl\":\"https:\\\/\\\/www.raffinessen.ch\\\/webseite\\\/wp-content\\\/uploads\\\/2020\\\/03\\\/ahorn-kakao-gewuerz-kreis-raffinessen.jpg\",\"width\":2500,\"height\":2500},{\"@type\":\"BreadcrumbList\",\"@id\":\"https:\\\/\\\/www.raffinessen.ch\\\/produkt\\\/quebec\\\/#breadcrumb\",\"itemListElement\":[{\"@type\":\"ListItem\",\"position\":1,\"name\":\"Home\",\"item\":\"https:\\\/\\\/www.raffinessen.ch\\\/\"},{\"@type\":\"ListItem\",\"position\":2,\"name\":\"Shop\",\"item\":\"https:\\\/\\\/www.raffinessen.ch\\\/shop\\\/\"},{\"@type\":\"ListItem\",\"position\":3,\"name\":\"Qu\u00e9bec (bisher Ahorn Kakao)\"}]},{\"@type\":\"WebSite\",\"@id\":\"https:\\\/\\\/www.raffinessen.ch\\\/#website\",\"url\":\"https:\\\/\\\/www.raffinessen.ch\\\/\",\"name\":\"Raffinessen\",\"description\":\"roter und schwarzer Kampot Pfeffer - Gew\u00fcrze\",\"potentialAction\":[{\"@type\":\"SearchAction\",\"target\":{\"@type\":\"EntryPoint\",\"urlTemplate\":\"https:\\\/\\\/www.raffinessen.ch\\\/?s={search_term_string}\"},\"query-input\":{\"@type\":\"PropertyValueSpecification\",\"valueRequired\":true,\"valueName\":\"search_term_string\"}}],\"inLanguage\":\"fr-FR\"}]}<\/script>\n<!-- \/ Yoast SEO plugin. -->","yoast_head_json":{"title":"Qu\u00e9bec (bisher Ahorn Kakao) - Raffinessen","robots":{"index":"index","follow":"follow","max-snippet":"max-snippet:-1","max-image-preview":"max-image-preview:large","max-video-preview":"max-video-preview:-1"},"canonical":"https:\/\/www.raffinessen.ch\/fr\/produit\/quebec\/","og_locale":"fr_FR","og_type":"article","og_title":"Qu\u00e9bec (bisher Ahorn Kakao) - Raffinessen","og_description":"50 g","og_url":"https:\/\/www.raffinessen.ch\/fr\/produit\/quebec\/","og_site_name":"Raffinessen","article_modified_time":"2022-12-30T16:33:17+00:00","og_image":[{"width":2500,"height":2500,"url":"https:\/\/www.raffinessen.ch\/webseite\/wp-content\/uploads\/2020\/03\/ahorn-kakao-gewuerz-kreis-raffinessen.jpg","type":"image\/jpeg"}],"twitter_card":"summary_large_image","twitter_misc":{"Dur\u00e9e de lecture estim\u00e9e":"1 minute"},"schema":{"@context":"https:\/\/schema.org","@graph":[{"@type":"WebPage","@id":"https:\/\/www.raffinessen.ch\/produkt\/quebec\/","url":"https:\/\/www.raffinessen.ch\/produkt\/quebec\/","name":"Qu\u00e9bec (bisher Ahorn Kakao) - Raffinessen","isPartOf":{"@id":"https:\/\/www.raffinessen.ch\/#website"},"primaryImageOfPage":{"@id":"https:\/\/www.raffinessen.ch\/produkt\/quebec\/#primaryimage"},"image":{"@id":"https:\/\/www.raffinessen.ch\/produkt\/quebec\/#primaryimage"},"thumbnailUrl":"https:\/\/www.raffinessen.ch\/webseite\/wp-content\/uploads\/2020\/03\/ahorn-kakao-gewuerz-kreis-raffinessen.jpg","datePublished":"2020-07-15T23:08:43+00:00","dateModified":"2022-12-30T16:33:17+00:00","breadcrumb":{"@id":"https:\/\/www.raffinessen.ch\/produkt\/quebec\/#breadcrumb"},"inLanguage":"fr-FR","potentialAction":[{"@type":"ReadAction","target":["https:\/\/www.raffinessen.ch\/produkt\/quebec\/"]}]},{"@type":"ImageObject","inLanguage":"fr-FR","@id":"https:\/\/www.raffinessen.ch\/produkt\/quebec\/#primaryimage","url":"https:\/\/www.raffinessen.ch\/webseite\/wp-content\/uploads\/2020\/03\/ahorn-kakao-gewuerz-kreis-raffinessen.jpg","contentUrl":"https:\/\/www.raffinessen.ch\/webseite\/wp-content\/uploads\/2020\/03\/ahorn-kakao-gewuerz-kreis-raffinessen.jpg","width":2500,"height":2500},{"@type":"BreadcrumbList","@id":"https:\/\/www.raffinessen.ch\/produkt\/quebec\/#breadcrumb","itemListElement":[{"@type":"ListItem","position":1,"name":"Home","item":"https:\/\/www.raffinessen.ch\/"},{"@type":"ListItem","position":2,"name":"Shop","item":"https:\/\/www.raffinessen.ch\/shop\/"},{"@type":"ListItem","position":3,"name":"Qu\u00e9bec (bisher Ahorn Kakao)"}]},{"@type":"WebSite","@id":"https:\/\/www.raffinessen.ch\/#website","url":"https:\/\/www.raffinessen.ch\/","name":"Raffinements","description":"poivre de Kampot rouge et noir - \u00e9pices","potentialAction":[{"@type":"SearchAction","target":{"@type":"EntryPoint","urlTemplate":"https:\/\/www.raffinessen.ch\/?s={search_term_string}"},"query-input":{"@type":"PropertyValueSpecification","valueRequired":true,"valueName":"search_term_string"}}],"inLanguage":"fr-FR"}]}},"_links":{"self":[{"href":"https:\/\/www.raffinessen.ch\/fr\/wp-json\/wp\/v2\/product\/6602","targetHints":{"allow":["GET"]}}],"collection":[{"href":"https:\/\/www.raffinessen.ch\/fr\/wp-json\/wp\/v2\/product"}],"about":[{"href":"https:\/\/www.raffinessen.ch\/fr\/wp-json\/wp\/v2\/types\/product"}],"wp:featuredmedia":[{"embeddable":true,"href":"https:\/\/www.raffinessen.ch\/fr\/wp-json\/wp\/v2\/media\/5122"}],"wp:attachment":[{"href":"https:\/\/www.raffinessen.ch\/fr\/wp-json\/wp\/v2\/media?parent=6602"}],"wp:term":[{"taxonomy":"product_brand","embeddable":true,"href":"https:\/\/www.raffinessen.ch\/fr\/wp-json\/wp\/v2\/product_brand?post=6602"},{"taxonomy":"product_cat","embeddable":true,"href":"https:\/\/www.raffinessen.ch\/fr\/wp-json\/wp\/v2\/product_cat?post=6602"},{"taxonomy":"product_tag","embeddable":true,"href":"https:\/\/www.raffinessen.ch\/fr\/wp-json\/wp\/v2\/product_tag?post=6602"}],"curies":[{"name":"wp","href":"https:\/\/api.w.org\/{rel}","templated":true}]}}

Québec (précédemment Cacao d'érable)

<p><strong>Composition</strong><br />
sucre d'érable 65%, cacao Grand Cru Maracaibo caramélisé 20%, vanille, gingembre, cardamome, clous de girofle, cannelle</p>
<p><strong>Information<br />
</strong>Le goût caramélisé du sucre d'érable combiné aux notes délicatement amères et terreuses du cacao Grand Cru sont les éléments marquants de ce mélange. Ils sont accompagnés d'arômes envoûtants de vanille et d'un soupçon de gingembre et de cardamome.</p>
<p><strong>Inspiration</strong><br />
Classique : desserts de toutes sortes et créations de café<br />
Nos découvertes : Salade de fruits, Cappuccino, Crêpes sucrées au chocolat et à la banane, Steak de porc, Glace à la vanille</p>
<p><em>Même contenu, nouveau nom : Québec remplace l'appellation "cacao d'érable".</em></p>

<!-- This site is optimized with the Yoast SEO plugin v27.5 - https://yoast.com/product/yoast-seo-wordpress/ -->
<title>Québec (bisher Ahorn Kakao) - Raffinessen</title>
<meta name="robots" content="index, follow, max-snippet:-1, max-image-preview:large, max-video-preview:-1" />
<link rel="canonical" href="https://www.raffinessen.ch/fr/produit/quebec/" />
<meta property="og:locale" content="fr_FR" />
<meta property="og:type" content="article" />
<meta property="og:title" content="Québec (bisher Ahorn Kakao) - Raffinessen" />
<meta property="og:description" content="50 g" />
<meta property="og:url" content="https://www.raffinessen.ch/fr/produit/quebec/" />
<meta property="og:site_name" content="Raffinessen" />
<meta property="article:modified_time" content="2022-12-30T16:33:17+00:00" />
<meta property="og:image" content="https://www.raffinessen.ch/webseite/wp-content/uploads/2020/03/ahorn-kakao-gewuerz-kreis-raffinessen.jpg" />
	<meta property="og:image:width" content="2500" />
	<meta property="og:image:height" content="2500" />
	<meta property="og:image:type" content="image/jpeg" />
<meta name="twitter:card" content="summary_large_image" />
<meta name="twitter:label1" content="Durée de lecture estimée" />
	<meta name="twitter:data1" content="1 minute" />
<script type="application/ld+json" class="yoast-schema-graph">{"@context":"https:\/\/schema.org","@graph":[{"@type":"WebPage","@id":"https:\/\/www.raffinessen.ch\/produkt\/quebec\/","url":"https:\/\/www.raffinessen.ch\/produkt\/quebec\/","name":"Québec (bisher Ahorn Kakao) - Raffinessen","isPartOf":{"@id":"https:\/\/www.raffinessen.ch\/#website"},"primaryImageOfPage":{"@id":"https:\/\/www.raffinessen.ch\/produkt\/quebec\/#primaryimage"},"image":{"@id":"https:\/\/www.raffinessen.ch\/produkt\/quebec\/#primaryimage"},"thumbnailUrl":"https:\/\/www.raffinessen.ch\/webseite\/wp-content\/uploads\/2020\/03\/ahorn-kakao-gewuerz-kreis-raffinessen.jpg","datePublished":"2020-07-15T23:08:43+00:00","dateModified":"2022-12-30T16:33:17+00:00","breadcrumb":{"@id":"https:\/\/www.raffinessen.ch\/produkt\/quebec\/#breadcrumb"},"inLanguage":"fr-FR","potentialAction":[{"@type":"ReadAction","target":["https:\/\/www.raffinessen.ch\/produkt\/quebec\/"]}]},{"@type":"ImageObject","inLanguage":"fr-FR","@id":"https:\/\/www.raffinessen.ch\/produkt\/quebec\/#primaryimage","url":"https:\/\/www.raffinessen.ch\/webseite\/wp-content\/uploads\/2020\/03\/ahorn-kakao-gewuerz-kreis-raffinessen.jpg","contentUrl":"https:\/\/www.raffinessen.ch\/webseite\/wp-content\/uploads\/2020\/03\/ahorn-kakao-gewuerz-kreis-raffinessen.jpg","width":2500,"height":2500},{"@type":"BreadcrumbList","@id":"https:\/\/www.raffinessen.ch\/produkt\/quebec\/#breadcrumb","itemListElement":[{"@type":"ListItem","position":1,"name":"Home","item":"https:\/\/www.raffinessen.ch\/"},{"@type":"ListItem","position":2,"name":"Shop","item":"https:\/\/www.raffinessen.ch\/shop\/"},{"@type":"ListItem","position":3,"name":"Québec (bisher Ahorn Kakao)"}]},{"@type":"WebSite","@id":"https:\/\/www.raffinessen.ch\/#website","url":"https:\/\/www.raffinessen.ch\/","name":"Raffinessen","description":"roter und schwarzer Kampot Pfeffer - Gewürze","potentialAction":[{"@type":"SearchAction","target":{"@type":"EntryPoint","urlTemplate":"https:\/\/www.raffinessen.ch\/?s={search_term_string}"},"query-input":{"@type":"PropertyValueSpecification","valueRequired":true,"valueName":"search_term_string"}}],"inLanguage":"fr-FR"}]}</script>
<!-- / Yoast SEO plugin. -->

Québec (bisher Ahorn Kakao) - Raffinessen

Québec (bisher Ahorn Kakao)

poivre de Kampot rouge et noir - épices
