{"id":2225,"date":"2017-01-25T09:00:13","date_gmt":"2017-01-25T08:00:13","guid":{"rendered":"https:\/\/raffinessen.ch\/webseite\/?post_type=product&#038;p=2225"},"modified":"2026-01-08T17:48:24","modified_gmt":"2026-01-08T16:48:24","slug":"das-grosse-rote","status":"publish","type":"product","link":"https:\/\/www.raffinessen.ch\/fr\/produit\/das-grosse-rote\/","title":{"rendered":"SET - Le grand rouge"},"content":{"rendered":"<p><strong>Contenu :<\/strong><br \/>\n333 Gramm roten Kampot Pfeffer (Ernte 2025)\u00a0f\u00fcr ein pfiffiges Jahr und eine charmante Postkarte.<\/p>\n<p><strong>Poivre rouge de Kampot<\/strong><br \/>\nL'ar\u00f4me caract\u00e9ristique du poivre rouge de Kampot est puissant mais finement nuanc\u00e9 et s\u00e9duit par des notes l\u00e9g\u00e8rement sucr\u00e9es et fruit\u00e9es avec un soup\u00e7on d'agrumes. En bouche, un piquant puissant et persistant se d\u00e9veloppe lentement, laissant une merveilleuse sensation de chaleur en bouche.<\/p>\n<p>Le v\u00e9ritable poivre rouge est une r\u00e9colte tardive. Ce poivre m\u00fbrit enti\u00e8rement sur la plante jusqu'\u00e0 ce que les baies deviennent rouges. Pendant la p\u00e9riode de r\u00e9colte, les fruits rouges arriv\u00e9s \u00e0 maturit\u00e9 sont cueillis quotidiennement \u00e0 la main. La cueillette des fruits m\u00fbrs doit se faire avec beaucoup de soin afin d'\u00e9viter d'endommager la peau sensible.<\/p>\n<p>Ce poivre n'a rien \u00e0 voir avec le poivre rose que l'on trouve dans le commerce et qui est r\u00e9colt\u00e9 sur une plante ressemblant au poivre en Am\u00e9rique du Sud.<\/p>","protected":false},"excerpt":{"rendered":"<p>Inhalt: 333 Gramm roten Kampot Pfeffer (Ernte 2025)\u00a0f\u00fcr ein pfiffiges Jahr und eine charmante Postkarte. Roter Kampot Pfeffer Das unverkennbare Aroma des roten Kampot Pfeffers ist kr\u00e4ftig aber fein nuanciert und besticht durch leicht s\u00fcssliche und fruchtige Noten mit einem Hauch von Citrus. Im Gaumen entwickelt sich langsam eine kr\u00e4ftige und langanhaltende Sch\u00e4rfe, welche ein [&hellip;]<\/p>\n","protected":false},"featured_media":2215,"template":"","meta":[],"product_brand":[],"product_cat":[42],"product_tag":[],"class_list":{"0":"post-2225","1":"product","2":"type-product","3":"status-publish","4":"has-post-thumbnail","6":"product_cat-geschenksets","7":"tm-has-options","9":"first","10":"instock","11":"taxable","12":"shipping-taxable","13":"purchasable","14":"product-type-simple"},"yoast_head":"<!-- This site is optimized with the Yoast SEO plugin v27.5 - https:\/\/yoast.com\/product\/yoast-seo-wordpress\/ -->\n<title>SET - Das grosse Rote - Raffinessen<\/title>\n<meta name=\"robots\" content=\"index, follow, max-snippet:-1, max-image-preview:large, max-video-preview:-1\" \/>\n<link rel=\"canonical\" href=\"https:\/\/www.raffinessen.ch\/fr\/produit\/das-grosse-rote\/\" \/>\n<meta property=\"og:locale\" content=\"fr_FR\" \/>\n<meta property=\"og:type\" content=\"article\" \/>\n<meta property=\"og:title\" content=\"SET - Das grosse Rote - Raffinessen\" \/>\n<meta property=\"og:description\" content=\"Inhalt: 333 Gramm roten Kampot Pfeffer (Ernte 2025)\u00a0f\u00fcr ein pfiffiges Jahr und eine charmante Postkarte. Roter Kampot Pfeffer Das unverkennbare Aroma des roten Kampot Pfeffers ist kr\u00e4ftig aber fein nuanciert und besticht durch leicht s\u00fcssliche und fruchtige Noten mit einem Hauch von Citrus. Im Gaumen entwickelt sich langsam eine kr\u00e4ftige und langanhaltende Sch\u00e4rfe, welche ein [&hellip;]\" \/>\n<meta property=\"og:url\" content=\"https:\/\/www.raffinessen.ch\/fr\/produit\/das-grosse-rote\/\" \/>\n<meta property=\"og:site_name\" content=\"Raffinessen\" \/>\n<meta property=\"article:modified_time\" content=\"2026-01-08T16:48:24+00:00\" \/>\n<meta property=\"og:image\" content=\"https:\/\/www.raffinessen.ch\/webseite\/wp-content\/uploads\/2017\/01\/set-gross.jpg\" \/>\n\t<meta property=\"og:image:width\" content=\"1200\" \/>\n\t<meta property=\"og:image:height\" content=\"1200\" \/>\n\t<meta property=\"og:image:type\" content=\"image\/jpeg\" \/>\n<meta name=\"twitter:card\" content=\"summary_large_image\" \/>\n<meta name=\"twitter:label1\" content=\"Dur\u00e9e de lecture estim\u00e9e\" \/>\n\t<meta name=\"twitter:data1\" content=\"2 minutes\" \/>\n<script type=\"application\/ld+json\" class=\"yoast-schema-graph\">{\"@context\":\"https:\\\/\\\/schema.org\",\"@graph\":[{\"@type\":\"WebPage\",\"@id\":\"https:\\\/\\\/www.raffinessen.ch\\\/produkt\\\/das-grosse-rote\\\/\",\"url\":\"https:\\\/\\\/www.raffinessen.ch\\\/produkt\\\/das-grosse-rote\\\/\",\"name\":\"SET - Das grosse Rote - Raffinessen\",\"isPartOf\":{\"@id\":\"https:\\\/\\\/www.raffinessen.ch\\\/#website\"},\"primaryImageOfPage\":{\"@id\":\"https:\\\/\\\/www.raffinessen.ch\\\/produkt\\\/das-grosse-rote\\\/#primaryimage\"},\"image\":{\"@id\":\"https:\\\/\\\/www.raffinessen.ch\\\/produkt\\\/das-grosse-rote\\\/#primaryimage\"},\"thumbnailUrl\":\"https:\\\/\\\/www.raffinessen.ch\\\/webseite\\\/wp-content\\\/uploads\\\/2017\\\/01\\\/set-gross.jpg\",\"datePublished\":\"2017-01-25T08:00:13+00:00\",\"dateModified\":\"2026-01-08T16:48:24+00:00\",\"breadcrumb\":{\"@id\":\"https:\\\/\\\/www.raffinessen.ch\\\/produkt\\\/das-grosse-rote\\\/#breadcrumb\"},\"inLanguage\":\"fr-FR\",\"potentialAction\":[{\"@type\":\"ReadAction\",\"target\":[\"https:\\\/\\\/www.raffinessen.ch\\\/produkt\\\/das-grosse-rote\\\/\"]}]},{\"@type\":\"ImageObject\",\"inLanguage\":\"fr-FR\",\"@id\":\"https:\\\/\\\/www.raffinessen.ch\\\/produkt\\\/das-grosse-rote\\\/#primaryimage\",\"url\":\"https:\\\/\\\/www.raffinessen.ch\\\/webseite\\\/wp-content\\\/uploads\\\/2017\\\/01\\\/set-gross.jpg\",\"contentUrl\":\"https:\\\/\\\/www.raffinessen.ch\\\/webseite\\\/wp-content\\\/uploads\\\/2017\\\/01\\\/set-gross.jpg\",\"width\":1200,\"height\":1200},{\"@type\":\"BreadcrumbList\",\"@id\":\"https:\\\/\\\/www.raffinessen.ch\\\/produkt\\\/das-grosse-rote\\\/#breadcrumb\",\"itemListElement\":[{\"@type\":\"ListItem\",\"position\":1,\"name\":\"Home\",\"item\":\"https:\\\/\\\/www.raffinessen.ch\\\/\"},{\"@type\":\"ListItem\",\"position\":2,\"name\":\"Shop\",\"item\":\"https:\\\/\\\/www.raffinessen.ch\\\/shop\\\/\"},{\"@type\":\"ListItem\",\"position\":3,\"name\":\"SET &#8211; Das grosse Rote\"}]},{\"@type\":\"WebSite\",\"@id\":\"https:\\\/\\\/www.raffinessen.ch\\\/#website\",\"url\":\"https:\\\/\\\/www.raffinessen.ch\\\/\",\"name\":\"Raffinessen\",\"description\":\"roter und schwarzer Kampot Pfeffer - Gew\u00fcrze\",\"potentialAction\":[{\"@type\":\"SearchAction\",\"target\":{\"@type\":\"EntryPoint\",\"urlTemplate\":\"https:\\\/\\\/www.raffinessen.ch\\\/?s={search_term_string}\"},\"query-input\":{\"@type\":\"PropertyValueSpecification\",\"valueRequired\":true,\"valueName\":\"search_term_string\"}}],\"inLanguage\":\"fr-FR\"}]}<\/script>\n<!-- \/ Yoast SEO plugin. -->","yoast_head_json":{"title":"SET - Das grosse Rote - Raffinessen","robots":{"index":"index","follow":"follow","max-snippet":"max-snippet:-1","max-image-preview":"max-image-preview:large","max-video-preview":"max-video-preview:-1"},"canonical":"https:\/\/www.raffinessen.ch\/fr\/produit\/das-grosse-rote\/","og_locale":"fr_FR","og_type":"article","og_title":"SET - Das grosse Rote - Raffinessen","og_description":"Inhalt: 333 Gramm roten Kampot Pfeffer (Ernte 2025)\u00a0f\u00fcr ein pfiffiges Jahr und eine charmante Postkarte. Roter Kampot Pfeffer Das unverkennbare Aroma des roten Kampot Pfeffers ist kr\u00e4ftig aber fein nuanciert und besticht durch leicht s\u00fcssliche und fruchtige Noten mit einem Hauch von Citrus. Im Gaumen entwickelt sich langsam eine kr\u00e4ftige und langanhaltende Sch\u00e4rfe, welche ein [&hellip;]","og_url":"https:\/\/www.raffinessen.ch\/fr\/produit\/das-grosse-rote\/","og_site_name":"Raffinessen","article_modified_time":"2026-01-08T16:48:24+00:00","og_image":[{"width":1200,"height":1200,"url":"https:\/\/www.raffinessen.ch\/webseite\/wp-content\/uploads\/2017\/01\/set-gross.jpg","type":"image\/jpeg"}],"twitter_card":"summary_large_image","twitter_misc":{"Dur\u00e9e de lecture estim\u00e9e":"2 minutes"},"schema":{"@context":"https:\/\/schema.org","@graph":[{"@type":"WebPage","@id":"https:\/\/www.raffinessen.ch\/produkt\/das-grosse-rote\/","url":"https:\/\/www.raffinessen.ch\/produkt\/das-grosse-rote\/","name":"SET - Das grosse Rote - Raffinessen","isPartOf":{"@id":"https:\/\/www.raffinessen.ch\/#website"},"primaryImageOfPage":{"@id":"https:\/\/www.raffinessen.ch\/produkt\/das-grosse-rote\/#primaryimage"},"image":{"@id":"https:\/\/www.raffinessen.ch\/produkt\/das-grosse-rote\/#primaryimage"},"thumbnailUrl":"https:\/\/www.raffinessen.ch\/webseite\/wp-content\/uploads\/2017\/01\/set-gross.jpg","datePublished":"2017-01-25T08:00:13+00:00","dateModified":"2026-01-08T16:48:24+00:00","breadcrumb":{"@id":"https:\/\/www.raffinessen.ch\/produkt\/das-grosse-rote\/#breadcrumb"},"inLanguage":"fr-FR","potentialAction":[{"@type":"ReadAction","target":["https:\/\/www.raffinessen.ch\/produkt\/das-grosse-rote\/"]}]},{"@type":"ImageObject","inLanguage":"fr-FR","@id":"https:\/\/www.raffinessen.ch\/produkt\/das-grosse-rote\/#primaryimage","url":"https:\/\/www.raffinessen.ch\/webseite\/wp-content\/uploads\/2017\/01\/set-gross.jpg","contentUrl":"https:\/\/www.raffinessen.ch\/webseite\/wp-content\/uploads\/2017\/01\/set-gross.jpg","width":1200,"height":1200},{"@type":"BreadcrumbList","@id":"https:\/\/www.raffinessen.ch\/produkt\/das-grosse-rote\/#breadcrumb","itemListElement":[{"@type":"ListItem","position":1,"name":"Home","item":"https:\/\/www.raffinessen.ch\/"},{"@type":"ListItem","position":2,"name":"Shop","item":"https:\/\/www.raffinessen.ch\/shop\/"},{"@type":"ListItem","position":3,"name":"SET &#8211; Das grosse Rote"}]},{"@type":"WebSite","@id":"https:\/\/www.raffinessen.ch\/#website","url":"https:\/\/www.raffinessen.ch\/","name":"Raffinements","description":"poivre de Kampot rouge et noir - \u00e9pices","potentialAction":[{"@type":"SearchAction","target":{"@type":"EntryPoint","urlTemplate":"https:\/\/www.raffinessen.ch\/?s={search_term_string}"},"query-input":{"@type":"PropertyValueSpecification","valueRequired":true,"valueName":"search_term_string"}}],"inLanguage":"fr-FR"}]}},"_links":{"self":[{"href":"https:\/\/www.raffinessen.ch\/fr\/wp-json\/wp\/v2\/product\/2225","targetHints":{"allow":["GET"]}}],"collection":[{"href":"https:\/\/www.raffinessen.ch\/fr\/wp-json\/wp\/v2\/product"}],"about":[{"href":"https:\/\/www.raffinessen.ch\/fr\/wp-json\/wp\/v2\/types\/product"}],"wp:featuredmedia":[{"embeddable":true,"href":"https:\/\/www.raffinessen.ch\/fr\/wp-json\/wp\/v2\/media\/2215"}],"wp:attachment":[{"href":"https:\/\/www.raffinessen.ch\/fr\/wp-json\/wp\/v2\/media?parent=2225"}],"wp:term":[{"taxonomy":"product_brand","embeddable":true,"href":"https:\/\/www.raffinessen.ch\/fr\/wp-json\/wp\/v2\/product_brand?post=2225"},{"taxonomy":"product_cat","embeddable":true,"href":"https:\/\/www.raffinessen.ch\/fr\/wp-json\/wp\/v2\/product_cat?post=2225"},{"taxonomy":"product_tag","embeddable":true,"href":"https:\/\/www.raffinessen.ch\/fr\/wp-json\/wp\/v2\/product_tag?post=2225"}],"curies":[{"name":"wp","href":"https:\/\/api.w.org\/{rel}","templated":true}]}}

<p><strong>Contenu :</strong><br />
333 Gramm roten Kampot Pfeffer (Ernte 2025) für ein pfiffiges Jahr und eine charmante Postkarte.</p>
<p><strong>Poivre rouge de Kampot</strong><br />
L'arôme caractéristique du poivre rouge de Kampot est puissant mais finement nuancé et séduit par des notes légèrement sucrées et fruitées avec un soupçon d'agrumes. En bouche, un piquant puissant et persistant se développe lentement, laissant une merveilleuse sensation de chaleur en bouche.</p>
<p>Le véritable poivre rouge est une récolte tardive. Ce poivre mûrit entièrement sur la plante jusqu'à ce que les baies deviennent rouges. Pendant la période de récolte, les fruits rouges arrivés à maturité sont cueillis quotidiennement à la main. La cueillette des fruits mûrs doit se faire avec beaucoup de soin afin d'éviter d'endommager la peau sensible.</p>
<p>Ce poivre n'a rien à voir avec le poivre rose que l'on trouve dans le commerce et qui est récolté sur une plante ressemblant au poivre en Amérique du Sud.</p>

<p>Inhalt: 333 Gramm roten Kampot Pfeffer (Ernte 2025) für ein pfiffiges Jahr und eine charmante Postkarte. Roter Kampot Pfeffer Das unverkennbare Aroma des roten Kampot Pfeffers ist kräftig aber fein nuanciert und besticht durch leicht süssliche und fruchtige Noten mit einem Hauch von Citrus. Im Gaumen entwickelt sich langsam eine kräftige und langanhaltende Schärfe, welche ein [&hellip;]</p>

<!-- This site is optimized with the Yoast SEO plugin v27.5 - https://yoast.com/product/yoast-seo-wordpress/ -->
<title>SET - Das grosse Rote - Raffinessen</title>
<meta name="robots" content="index, follow, max-snippet:-1, max-image-preview:large, max-video-preview:-1" />
<link rel="canonical" href="https://www.raffinessen.ch/fr/produit/das-grosse-rote/" />
<meta property="og:locale" content="fr_FR" />
<meta property="og:type" content="article" />
<meta property="og:title" content="SET - Das grosse Rote - Raffinessen" />
<meta property="og:description" content="Inhalt: 333 Gramm roten Kampot Pfeffer (Ernte 2025) für ein pfiffiges Jahr und eine charmante Postkarte. Roter Kampot Pfeffer Das unverkennbare Aroma des roten Kampot Pfeffers ist kräftig aber fein nuanciert und besticht durch leicht süssliche und fruchtige Noten mit einem Hauch von Citrus. Im Gaumen entwickelt sich langsam eine kräftige und langanhaltende Schärfe, welche ein [&hellip;]" />
<meta property="og:url" content="https://www.raffinessen.ch/fr/produit/das-grosse-rote/" />
<meta property="og:site_name" content="Raffinessen" />
<meta property="article:modified_time" content="2026-01-08T16:48:24+00:00" />
<meta property="og:image" content="https://www.raffinessen.ch/webseite/wp-content/uploads/2017/01/set-gross.jpg" />
	<meta property="og:image:width" content="1200" />
	<meta property="og:image:height" content="1200" />
	<meta property="og:image:type" content="image/jpeg" />
<meta name="twitter:card" content="summary_large_image" />
<meta name="twitter:label1" content="Durée de lecture estimée" />
	<meta name="twitter:data1" content="2 minutes" />
<script type="application/ld+json" class="yoast-schema-graph">{"@context":"https:\/\/schema.org","@graph":[{"@type":"WebPage","@id":"https:\/\/www.raffinessen.ch\/produkt\/das-grosse-rote\/","url":"https:\/\/www.raffinessen.ch\/produkt\/das-grosse-rote\/","name":"SET - Das grosse Rote - Raffinessen","isPartOf":{"@id":"https:\/\/www.raffinessen.ch\/#website"},"primaryImageOfPage":{"@id":"https:\/\/www.raffinessen.ch\/produkt\/das-grosse-rote\/#primaryimage"},"image":{"@id":"https:\/\/www.raffinessen.ch\/produkt\/das-grosse-rote\/#primaryimage"},"thumbnailUrl":"https:\/\/www.raffinessen.ch\/webseite\/wp-content\/uploads\/2017\/01\/set-gross.jpg","datePublished":"2017-01-25T08:00:13+00:00","dateModified":"2026-01-08T16:48:24+00:00","breadcrumb":{"@id":"https:\/\/www.raffinessen.ch\/produkt\/das-grosse-rote\/#breadcrumb"},"inLanguage":"fr-FR","potentialAction":[{"@type":"ReadAction","target":["https:\/\/www.raffinessen.ch\/produkt\/das-grosse-rote\/"]}]},{"@type":"ImageObject","inLanguage":"fr-FR","@id":"https:\/\/www.raffinessen.ch\/produkt\/das-grosse-rote\/#primaryimage","url":"https:\/\/www.raffinessen.ch\/webseite\/wp-content\/uploads\/2017\/01\/set-gross.jpg","contentUrl":"https:\/\/www.raffinessen.ch\/webseite\/wp-content\/uploads\/2017\/01\/set-gross.jpg","width":1200,"height":1200},{"@type":"BreadcrumbList","@id":"https:\/\/www.raffinessen.ch\/produkt\/das-grosse-rote\/#breadcrumb","itemListElement":[{"@type":"ListItem","position":1,"name":"Home","item":"https:\/\/www.raffinessen.ch\/"},{"@type":"ListItem","position":2,"name":"Shop","item":"https:\/\/www.raffinessen.ch\/shop\/"},{"@type":"ListItem","position":3,"name":"SET &#8211; Das grosse Rote"}]},{"@type":"WebSite","@id":"https:\/\/www.raffinessen.ch\/#website","url":"https:\/\/www.raffinessen.ch\/","name":"Raffinessen","description":"roter und schwarzer Kampot Pfeffer - Gewürze","potentialAction":[{"@type":"SearchAction","target":{"@type":"EntryPoint","urlTemplate":"https:\/\/www.raffinessen.ch\/?s={search_term_string}"},"query-input":{"@type":"PropertyValueSpecification","valueRequired":true,"valueName":"search_term_string"}}],"inLanguage":"fr-FR"}]}</script>
<!-- / Yoast SEO plugin. -->

Inhalt: 333 Gramm roten Kampot Pfeffer (Ernte 2025) für ein pfiffiges Jahr und eine charmante Postkarte. Roter Kampot Pfeffer Das unverkennbare Aroma des roten Kampot Pfeffers ist kräftig aber fein nuanciert und besticht durch leicht süssliche und fruchtige Noten mit einem Hauch von Citrus. Im Gaumen entwickelt sich langsam eine kräftige und langanhaltende Schärfe, welche ein [&hellip;]

poivre de Kampot rouge et noir - épices
