{"id":19527,"date":"2025-05-22T11:46:42","date_gmt":"2025-05-22T09:46:42","guid":{"rendered":"https:\/\/www.raffinessen.ch\/?post_type=product&#038;p=19527"},"modified":"2025-06-09T22:39:18","modified_gmt":"2025-06-09T20:39:18","slug":"alles-im-gruenen-wohlfuehltee","status":"publish","type":"product","link":"https:\/\/www.raffinessen.ch\/fr\/produit\/alles-im-gruenen-wohlfuehltee\/","title":{"rendered":"Alles im Gr\u00fcnen &#8211; Wohlf\u00fchltee"},"content":{"rendered":"<p><strong>Composition<\/strong><br \/>\nBrennnessel, Zitronenmelisse, Frauenmantelkraut, Himbeerbl\u00e4tter, Schafgarbe, Schachtelhalmkraut, Johanniskraut<\/p>\n<p><strong>Information<\/strong><br \/>\n3-4 EL der Teemischung mit 1 Liter kochendem Wasser \u00fcberbr\u00fchen und 7 bis 10 Minuten ziehen lassen.<\/p>\n<p><strong>Inspiration<\/strong><br \/>\nNach Belieben s\u00fcssen oder mit Apfel-, Birnen- oder Traubensaft verfeinern. <strong>Auch kalt ein Genuss!<\/strong> Vor dem Servieren frischen Ingwer, Apfelscheiben, einen Zweig Zitronenmelisse oder Lavendel und Eisw\u00fcrfel ins Glas geben. Nach Belieben s\u00fcssen oder mit Apfel-, Orangen-, Blaubeer- oder Cassissaft verfeinern. K\u00fchl stellen und vor dem Servieren Erdbeeren, Zitronenscheiben, einen Zweig Rosmarin oder Minze und Eisw\u00fcrfel ins Glas geben.<\/p>","protected":false},"excerpt":{"rendered":"<p><strong>60 g<\/strong><\/p>","protected":false},"featured_media":19537,"template":"","meta":[],"product_brand":[],"product_cat":[1187,444],"product_tag":[],"class_list":{"0":"post-19527","1":"product","2":"type-product","3":"status-publish","4":"has-post-thumbnail","6":"product_cat-tee-mischungen","7":"product_cat-unkategorisiert","8":"tm-no-options","10":"first","11":"instock","12":"taxable","13":"shipping-taxable","14":"purchasable","15":"product-type-simple"},"yoast_head":"<!-- This site is optimized with the Yoast SEO plugin v27.5 - https:\/\/yoast.com\/product\/yoast-seo-wordpress\/ -->\n<title>Alles im Gr\u00fcnen - Wohlf\u00fchltee - Raffinessen<\/title>\n<meta name=\"robots\" content=\"index, follow, max-snippet:-1, max-image-preview:large, max-video-preview:-1\" \/>\n<link rel=\"canonical\" href=\"https:\/\/www.raffinessen.ch\/fr\/produit\/alles-im-gruenen-wohlfuehltee\/\" \/>\n<meta property=\"og:locale\" content=\"fr_FR\" \/>\n<meta property=\"og:type\" content=\"article\" \/>\n<meta property=\"og:title\" content=\"Alles im Gr\u00fcnen - Wohlf\u00fchltee - Raffinessen\" \/>\n<meta property=\"og:description\" content=\"60 g\" \/>\n<meta property=\"og:url\" content=\"https:\/\/www.raffinessen.ch\/fr\/produit\/alles-im-gruenen-wohlfuehltee\/\" \/>\n<meta property=\"og:site_name\" content=\"Raffinessen\" \/>\n<meta property=\"article:modified_time\" content=\"2025-06-09T20:39:18+00:00\" \/>\n<meta property=\"og:image\" content=\"https:\/\/www.raffinessen.ch\/webseite\/wp-content\/uploads\/2025\/05\/PP-F0008-Alles-im-Gruenen_82492.jpg\" \/>\n\t<meta property=\"og:image:width\" content=\"1500\" \/>\n\t<meta property=\"og:image:height\" content=\"1500\" \/>\n\t<meta property=\"og:image:type\" content=\"image\/jpeg\" \/>\n<meta name=\"twitter:card\" content=\"summary_large_image\" \/>\n<meta name=\"twitter:label1\" content=\"Dur\u00e9e de lecture estim\u00e9e\" \/>\n\t<meta name=\"twitter:data1\" content=\"1 minute\" \/>\n<script type=\"application\/ld+json\" class=\"yoast-schema-graph\">{\"@context\":\"https:\\\/\\\/schema.org\",\"@graph\":[{\"@type\":\"WebPage\",\"@id\":\"https:\\\/\\\/www.raffinessen.ch\\\/produkt\\\/alles-im-gruenen-wohlfuehltee\\\/\",\"url\":\"https:\\\/\\\/www.raffinessen.ch\\\/produkt\\\/alles-im-gruenen-wohlfuehltee\\\/\",\"name\":\"Alles im Gr\u00fcnen - Wohlf\u00fchltee - Raffinessen\",\"isPartOf\":{\"@id\":\"https:\\\/\\\/www.raffinessen.ch\\\/#website\"},\"primaryImageOfPage\":{\"@id\":\"https:\\\/\\\/www.raffinessen.ch\\\/produkt\\\/alles-im-gruenen-wohlfuehltee\\\/#primaryimage\"},\"image\":{\"@id\":\"https:\\\/\\\/www.raffinessen.ch\\\/produkt\\\/alles-im-gruenen-wohlfuehltee\\\/#primaryimage\"},\"thumbnailUrl\":\"https:\\\/\\\/www.raffinessen.ch\\\/webseite\\\/wp-content\\\/uploads\\\/2025\\\/05\\\/PP-F0008-Alles-im-Gruenen_82492.jpg\",\"datePublished\":\"2025-05-22T09:46:42+00:00\",\"dateModified\":\"2025-06-09T20:39:18+00:00\",\"breadcrumb\":{\"@id\":\"https:\\\/\\\/www.raffinessen.ch\\\/produkt\\\/alles-im-gruenen-wohlfuehltee\\\/#breadcrumb\"},\"inLanguage\":\"fr-FR\",\"potentialAction\":[{\"@type\":\"ReadAction\",\"target\":[\"https:\\\/\\\/www.raffinessen.ch\\\/produkt\\\/alles-im-gruenen-wohlfuehltee\\\/\"]}]},{\"@type\":\"ImageObject\",\"inLanguage\":\"fr-FR\",\"@id\":\"https:\\\/\\\/www.raffinessen.ch\\\/produkt\\\/alles-im-gruenen-wohlfuehltee\\\/#primaryimage\",\"url\":\"https:\\\/\\\/www.raffinessen.ch\\\/webseite\\\/wp-content\\\/uploads\\\/2025\\\/05\\\/PP-F0008-Alles-im-Gruenen_82492.jpg\",\"contentUrl\":\"https:\\\/\\\/www.raffinessen.ch\\\/webseite\\\/wp-content\\\/uploads\\\/2025\\\/05\\\/PP-F0008-Alles-im-Gruenen_82492.jpg\",\"width\":1500,\"height\":1500},{\"@type\":\"BreadcrumbList\",\"@id\":\"https:\\\/\\\/www.raffinessen.ch\\\/produkt\\\/alles-im-gruenen-wohlfuehltee\\\/#breadcrumb\",\"itemListElement\":[{\"@type\":\"ListItem\",\"position\":1,\"name\":\"Home\",\"item\":\"https:\\\/\\\/www.raffinessen.ch\\\/\"},{\"@type\":\"ListItem\",\"position\":2,\"name\":\"Shop\",\"item\":\"https:\\\/\\\/www.raffinessen.ch\\\/shop\\\/\"},{\"@type\":\"ListItem\",\"position\":3,\"name\":\"Alles im Gr\u00fcnen &#8211; Wohlf\u00fchltee\"}]},{\"@type\":\"WebSite\",\"@id\":\"https:\\\/\\\/www.raffinessen.ch\\\/#website\",\"url\":\"https:\\\/\\\/www.raffinessen.ch\\\/\",\"name\":\"Raffinessen\",\"description\":\"roter und schwarzer Kampot Pfeffer - Gew\u00fcrze\",\"potentialAction\":[{\"@type\":\"SearchAction\",\"target\":{\"@type\":\"EntryPoint\",\"urlTemplate\":\"https:\\\/\\\/www.raffinessen.ch\\\/?s={search_term_string}\"},\"query-input\":{\"@type\":\"PropertyValueSpecification\",\"valueRequired\":true,\"valueName\":\"search_term_string\"}}],\"inLanguage\":\"fr-FR\"}]}<\/script>\n<!-- \/ Yoast SEO plugin. -->","yoast_head_json":{"title":"Alles im Gr\u00fcnen - Wohlf\u00fchltee - Raffinessen","robots":{"index":"index","follow":"follow","max-snippet":"max-snippet:-1","max-image-preview":"max-image-preview:large","max-video-preview":"max-video-preview:-1"},"canonical":"https:\/\/www.raffinessen.ch\/fr\/produit\/alles-im-gruenen-wohlfuehltee\/","og_locale":"fr_FR","og_type":"article","og_title":"Alles im Gr\u00fcnen - Wohlf\u00fchltee - Raffinessen","og_description":"60 g","og_url":"https:\/\/www.raffinessen.ch\/fr\/produit\/alles-im-gruenen-wohlfuehltee\/","og_site_name":"Raffinessen","article_modified_time":"2025-06-09T20:39:18+00:00","og_image":[{"width":1500,"height":1500,"url":"https:\/\/www.raffinessen.ch\/webseite\/wp-content\/uploads\/2025\/05\/PP-F0008-Alles-im-Gruenen_82492.jpg","type":"image\/jpeg"}],"twitter_card":"summary_large_image","twitter_misc":{"Dur\u00e9e de lecture estim\u00e9e":"1 minute"},"schema":{"@context":"https:\/\/schema.org","@graph":[{"@type":"WebPage","@id":"https:\/\/www.raffinessen.ch\/produkt\/alles-im-gruenen-wohlfuehltee\/","url":"https:\/\/www.raffinessen.ch\/produkt\/alles-im-gruenen-wohlfuehltee\/","name":"Alles im Gr\u00fcnen - Wohlf\u00fchltee - Raffinessen","isPartOf":{"@id":"https:\/\/www.raffinessen.ch\/#website"},"primaryImageOfPage":{"@id":"https:\/\/www.raffinessen.ch\/produkt\/alles-im-gruenen-wohlfuehltee\/#primaryimage"},"image":{"@id":"https:\/\/www.raffinessen.ch\/produkt\/alles-im-gruenen-wohlfuehltee\/#primaryimage"},"thumbnailUrl":"https:\/\/www.raffinessen.ch\/webseite\/wp-content\/uploads\/2025\/05\/PP-F0008-Alles-im-Gruenen_82492.jpg","datePublished":"2025-05-22T09:46:42+00:00","dateModified":"2025-06-09T20:39:18+00:00","breadcrumb":{"@id":"https:\/\/www.raffinessen.ch\/produkt\/alles-im-gruenen-wohlfuehltee\/#breadcrumb"},"inLanguage":"fr-FR","potentialAction":[{"@type":"ReadAction","target":["https:\/\/www.raffinessen.ch\/produkt\/alles-im-gruenen-wohlfuehltee\/"]}]},{"@type":"ImageObject","inLanguage":"fr-FR","@id":"https:\/\/www.raffinessen.ch\/produkt\/alles-im-gruenen-wohlfuehltee\/#primaryimage","url":"https:\/\/www.raffinessen.ch\/webseite\/wp-content\/uploads\/2025\/05\/PP-F0008-Alles-im-Gruenen_82492.jpg","contentUrl":"https:\/\/www.raffinessen.ch\/webseite\/wp-content\/uploads\/2025\/05\/PP-F0008-Alles-im-Gruenen_82492.jpg","width":1500,"height":1500},{"@type":"BreadcrumbList","@id":"https:\/\/www.raffinessen.ch\/produkt\/alles-im-gruenen-wohlfuehltee\/#breadcrumb","itemListElement":[{"@type":"ListItem","position":1,"name":"Home","item":"https:\/\/www.raffinessen.ch\/"},{"@type":"ListItem","position":2,"name":"Shop","item":"https:\/\/www.raffinessen.ch\/shop\/"},{"@type":"ListItem","position":3,"name":"Alles im Gr\u00fcnen &#8211; Wohlf\u00fchltee"}]},{"@type":"WebSite","@id":"https:\/\/www.raffinessen.ch\/#website","url":"https:\/\/www.raffinessen.ch\/","name":"Raffinements","description":"poivre de Kampot rouge et noir - \u00e9pices","potentialAction":[{"@type":"SearchAction","target":{"@type":"EntryPoint","urlTemplate":"https:\/\/www.raffinessen.ch\/?s={search_term_string}"},"query-input":{"@type":"PropertyValueSpecification","valueRequired":true,"valueName":"search_term_string"}}],"inLanguage":"fr-FR"}]}},"_links":{"self":[{"href":"https:\/\/www.raffinessen.ch\/fr\/wp-json\/wp\/v2\/product\/19527","targetHints":{"allow":["GET"]}}],"collection":[{"href":"https:\/\/www.raffinessen.ch\/fr\/wp-json\/wp\/v2\/product"}],"about":[{"href":"https:\/\/www.raffinessen.ch\/fr\/wp-json\/wp\/v2\/types\/product"}],"wp:featuredmedia":[{"embeddable":true,"href":"https:\/\/www.raffinessen.ch\/fr\/wp-json\/wp\/v2\/media\/19537"}],"wp:attachment":[{"href":"https:\/\/www.raffinessen.ch\/fr\/wp-json\/wp\/v2\/media?parent=19527"}],"wp:term":[{"taxonomy":"product_brand","embeddable":true,"href":"https:\/\/www.raffinessen.ch\/fr\/wp-json\/wp\/v2\/product_brand?post=19527"},{"taxonomy":"product_cat","embeddable":true,"href":"https:\/\/www.raffinessen.ch\/fr\/wp-json\/wp\/v2\/product_cat?post=19527"},{"taxonomy":"product_tag","embeddable":true,"href":"https:\/\/www.raffinessen.ch\/fr\/wp-json\/wp\/v2\/product_tag?post=19527"}],"curies":[{"name":"wp","href":"https:\/\/api.w.org\/{rel}","templated":true}]}}

Alles im Grünen &#8211; Wohlfühltee

<p><strong>Composition</strong><br />
Brennnessel, Zitronenmelisse, Frauenmantelkraut, Himbeerblätter, Schafgarbe, Schachtelhalmkraut, Johanniskraut</p>
<p><strong>Information</strong><br />
3-4 EL der Teemischung mit 1 Liter kochendem Wasser überbrühen und 7 bis 10 Minuten ziehen lassen.</p>
<p><strong>Inspiration</strong><br />
Nach Belieben süssen oder mit Apfel-, Birnen- oder Traubensaft verfeinern. <strong>Auch kalt ein Genuss!</strong> Vor dem Servieren frischen Ingwer, Apfelscheiben, einen Zweig Zitronenmelisse oder Lavendel und Eiswürfel ins Glas geben. Nach Belieben süssen oder mit Apfel-, Orangen-, Blaubeer- oder Cassissaft verfeinern. Kühl stellen und vor dem Servieren Erdbeeren, Zitronenscheiben, einen Zweig Rosmarin oder Minze und Eiswürfel ins Glas geben.</p>

<!-- This site is optimized with the Yoast SEO plugin v27.5 - https://yoast.com/product/yoast-seo-wordpress/ -->
<title>Alles im Grünen - Wohlfühltee - Raffinessen</title>
<meta name="robots" content="index, follow, max-snippet:-1, max-image-preview:large, max-video-preview:-1" />
<link rel="canonical" href="https://www.raffinessen.ch/fr/produit/alles-im-gruenen-wohlfuehltee/" />
<meta property="og:locale" content="fr_FR" />
<meta property="og:type" content="article" />
<meta property="og:title" content="Alles im Grünen - Wohlfühltee - Raffinessen" />
<meta property="og:description" content="60 g" />
<meta property="og:url" content="https://www.raffinessen.ch/fr/produit/alles-im-gruenen-wohlfuehltee/" />
<meta property="og:site_name" content="Raffinessen" />
<meta property="article:modified_time" content="2025-06-09T20:39:18+00:00" />
<meta property="og:image" content="https://www.raffinessen.ch/webseite/wp-content/uploads/2025/05/PP-F0008-Alles-im-Gruenen_82492.jpg" />
	<meta property="og:image:width" content="1500" />
	<meta property="og:image:height" content="1500" />
	<meta property="og:image:type" content="image/jpeg" />
<meta name="twitter:card" content="summary_large_image" />
<meta name="twitter:label1" content="Durée de lecture estimée" />
	<meta name="twitter:data1" content="1 minute" />
<script type="application/ld+json" class="yoast-schema-graph">{"@context":"https:\/\/schema.org","@graph":[{"@type":"WebPage","@id":"https:\/\/www.raffinessen.ch\/produkt\/alles-im-gruenen-wohlfuehltee\/","url":"https:\/\/www.raffinessen.ch\/produkt\/alles-im-gruenen-wohlfuehltee\/","name":"Alles im Grünen - Wohlfühltee - Raffinessen","isPartOf":{"@id":"https:\/\/www.raffinessen.ch\/#website"},"primaryImageOfPage":{"@id":"https:\/\/www.raffinessen.ch\/produkt\/alles-im-gruenen-wohlfuehltee\/#primaryimage"},"image":{"@id":"https:\/\/www.raffinessen.ch\/produkt\/alles-im-gruenen-wohlfuehltee\/#primaryimage"},"thumbnailUrl":"https:\/\/www.raffinessen.ch\/webseite\/wp-content\/uploads\/2025\/05\/PP-F0008-Alles-im-Gruenen_82492.jpg","datePublished":"2025-05-22T09:46:42+00:00","dateModified":"2025-06-09T20:39:18+00:00","breadcrumb":{"@id":"https:\/\/www.raffinessen.ch\/produkt\/alles-im-gruenen-wohlfuehltee\/#breadcrumb"},"inLanguage":"fr-FR","potentialAction":[{"@type":"ReadAction","target":["https:\/\/www.raffinessen.ch\/produkt\/alles-im-gruenen-wohlfuehltee\/"]}]},{"@type":"ImageObject","inLanguage":"fr-FR","@id":"https:\/\/www.raffinessen.ch\/produkt\/alles-im-gruenen-wohlfuehltee\/#primaryimage","url":"https:\/\/www.raffinessen.ch\/webseite\/wp-content\/uploads\/2025\/05\/PP-F0008-Alles-im-Gruenen_82492.jpg","contentUrl":"https:\/\/www.raffinessen.ch\/webseite\/wp-content\/uploads\/2025\/05\/PP-F0008-Alles-im-Gruenen_82492.jpg","width":1500,"height":1500},{"@type":"BreadcrumbList","@id":"https:\/\/www.raffinessen.ch\/produkt\/alles-im-gruenen-wohlfuehltee\/#breadcrumb","itemListElement":[{"@type":"ListItem","position":1,"name":"Home","item":"https:\/\/www.raffinessen.ch\/"},{"@type":"ListItem","position":2,"name":"Shop","item":"https:\/\/www.raffinessen.ch\/shop\/"},{"@type":"ListItem","position":3,"name":"Alles im Grünen &#8211; Wohlfühltee"}]},{"@type":"WebSite","@id":"https:\/\/www.raffinessen.ch\/#website","url":"https:\/\/www.raffinessen.ch\/","name":"Raffinessen","description":"roter und schwarzer Kampot Pfeffer - Gewürze","potentialAction":[{"@type":"SearchAction","target":{"@type":"EntryPoint","urlTemplate":"https:\/\/www.raffinessen.ch\/?s={search_term_string}"},"query-input":{"@type":"PropertyValueSpecification","valueRequired":true,"valueName":"search_term_string"}}],"inLanguage":"fr-FR"}]}</script>
<!-- / Yoast SEO plugin. -->

Alles im Grünen - Wohlfühltee - Raffinessen

poivre de Kampot rouge et noir - épices
