{"id":13681,"date":"2022-11-04T23:58:38","date_gmt":"2022-11-04T22:58:38","guid":{"rendered":"https:\/\/www.raffinessen.ch\/?post_type=product&#038;p=13681"},"modified":"2022-12-29T22:13:26","modified_gmt":"2022-12-29T21:13:26","slug":"amazonas-chili-gelb-17-g","status":"publish","type":"product","link":"https:\/\/www.raffinessen.ch\/fr\/produit\/amazonas-chili-gelb-17-g\/","title":{"rendered":"Chili jaune d'Amazonie (30 g)"},"content":{"rendered":"<p><strong>Contenu<\/strong><\/p>\n<ul>\n<li>30 g de piment d'Amazonie (concass\u00e9, 3-6mm), origine : Colombie<\/li>\n<\/ul>\n<p><strong>Piment d'Amazonie jaune :<br \/>\n<\/strong>La Colombie doit son nom \u00e0 l'explorateur de l'Am\u00e9rique, Christophe Colomb. Et c'est ce m\u00eame Christophe Colomb qui a ramen\u00e9 les premi\u00e8res vari\u00e9t\u00e9s de piment en Europe. Le fertile bassin amazonien de Colombie, l'une des plus grandes r\u00e9serves naturelles de notre plan\u00e8te, est l'une des r\u00e9gions d'origine de la famille des piments. C'est de l\u00e0 que le piment jaune d'Amazonie tire son nom.<\/p>\n<p>Avec 50'000 \u00e0 70'000 Scoville, ce piment ardent fait partie des piments les plus forts, mais pas extr\u00eames. Il convainc par sa belle note fruit\u00e9e, son piquant rectiligne et ses notes discr\u00e8tes d'acidit\u00e9.<\/p>\n<p>La couleur jaun\u00e2tre du piment d'Amazonie est particuli\u00e8rement frappante, car il est r\u00e9colt\u00e9 juste avant sa pleine maturit\u00e9. Gr\u00e2ce \u00e0 un s\u00e9chage en douceur, sa magnifique couleur est pr\u00e9serv\u00e9e, tout comme son piquant fruit\u00e9.<\/p>\n<p>En cuisine, le piment d'Amazonie peut \u00eatre utilis\u00e9 de multiples fa\u00e7ons. Les sauces ou les soupes, les plats mijot\u00e9s, les rago\u00fbts, les plats de viande ou les dips n'attendent que d'\u00eatre affin\u00e9s avec le piquant colombien. Pour ceux qui pr\u00e9f\u00e8rent la discr\u00e9tion, le piment est ajout\u00e9 aux plats juste avant de les servir. Plus le piment est cuit longtemps, plus le piquant se r\u00e9pand de mani\u00e8re dominante.<\/p>","protected":false},"excerpt":{"rendered":"<p>Inhalt 30 g Amazonas Chili (geschrotet, 3-6mm), Herkunft: Kolumbien Amazonas Chili gelb: Kolumbien verdankt seinem Namen dem Entdecker Amerikas, Christoph Kolumbus.\u00a0Und jener Kolumbus war es auch, der die ersten Chili-Sorten mit nach Europa brachte. Das fruchtbare Amazonas-Becken Kolumbiens, eines der gr\u00f6\u00dften Naturschutzgebiete unserer Erde, geh\u00f6rt zu den Ursprungsgebieten der Chilifamilie.\u00a0Daher hat der gelbe Amazonas Chili [&hellip;]<\/p>\n","protected":false},"featured_media":13682,"template":"","meta":[],"product_brand":[],"product_cat":[1174,1165,444],"product_tag":[],"class_list":{"0":"post-13681","1":"product","2":"type-product","3":"status-publish","4":"has-post-thumbnail","6":"product_cat-einzel-gewuerze","7":"product_cat-gewuerze-einzeln","8":"product_cat-unkategorisiert","9":"tm-has-options","11":"first","12":"instock","13":"taxable","14":"shipping-taxable","15":"purchasable","16":"product-type-simple"},"yoast_head":"<!-- This site is optimized with the Yoast SEO plugin v27.5 - https:\/\/yoast.com\/product\/yoast-seo-wordpress\/ -->\n<title>Schwarzer Kampot Pfeffer<\/title>\n<meta name=\"description\" content=\"F\u00fcr den schwarzen Kampot Pfeffer werden die Fr\u00fcchte kurz vor der Reife von Hand geerntet, wenn sie eine gelb-orange Farbe aufweisen.\" \/>\n<meta name=\"robots\" content=\"index, follow, max-snippet:-1, max-image-preview:large, max-video-preview:-1\" \/>\n<link rel=\"canonical\" href=\"https:\/\/www.raffinessen.ch\/fr\/produit\/amazonas-chili-gelb-17-g\/\" \/>\n<meta property=\"og:locale\" content=\"fr_FR\" \/>\n<meta property=\"og:type\" content=\"article\" \/>\n<meta property=\"og:title\" content=\"Schwarzer Kampot Pfeffer\" \/>\n<meta property=\"og:description\" content=\"F\u00fcr den schwarzen Kampot Pfeffer werden die Fr\u00fcchte kurz vor der Reife von Hand geerntet, wenn sie eine gelb-orange Farbe aufweisen.\" \/>\n<meta property=\"og:url\" content=\"https:\/\/www.raffinessen.ch\/fr\/produit\/amazonas-chili-gelb-17-g\/\" \/>\n<meta property=\"og:site_name\" content=\"Raffinessen\" \/>\n<meta property=\"article:modified_time\" content=\"2022-12-29T21:13:26+00:00\" \/>\n<meta property=\"og:image\" content=\"https:\/\/www.raffinessen.ch\/webseite\/wp-content\/uploads\/2022\/11\/Chili_Amazonas-gelb.jpg\" \/>\n\t<meta property=\"og:image:width\" content=\"2000\" \/>\n\t<meta property=\"og:image:height\" content=\"2000\" \/>\n\t<meta property=\"og:image:type\" content=\"image\/jpeg\" \/>\n<meta name=\"twitter:card\" content=\"summary_large_image\" \/>\n<meta name=\"twitter:label1\" content=\"Dur\u00e9e de lecture estim\u00e9e\" \/>\n\t<meta name=\"twitter:data1\" content=\"1 minute\" \/>\n<script type=\"application\/ld+json\" class=\"yoast-schema-graph\">{\"@context\":\"https:\\\/\\\/schema.org\",\"@graph\":[{\"@type\":\"WebPage\",\"@id\":\"https:\\\/\\\/www.raffinessen.ch\\\/produkt\\\/amazonas-chili-gelb-17-g\\\/\",\"url\":\"https:\\\/\\\/www.raffinessen.ch\\\/produkt\\\/amazonas-chili-gelb-17-g\\\/\",\"name\":\"Schwarzer Kampot Pfeffer\",\"isPartOf\":{\"@id\":\"https:\\\/\\\/www.raffinessen.ch\\\/#website\"},\"primaryImageOfPage\":{\"@id\":\"https:\\\/\\\/www.raffinessen.ch\\\/produkt\\\/amazonas-chili-gelb-17-g\\\/#primaryimage\"},\"image\":{\"@id\":\"https:\\\/\\\/www.raffinessen.ch\\\/produkt\\\/amazonas-chili-gelb-17-g\\\/#primaryimage\"},\"thumbnailUrl\":\"https:\\\/\\\/www.raffinessen.ch\\\/webseite\\\/wp-content\\\/uploads\\\/2022\\\/11\\\/Chili_Amazonas-gelb.jpg\",\"datePublished\":\"2022-11-04T22:58:38+00:00\",\"dateModified\":\"2022-12-29T21:13:26+00:00\",\"description\":\"F\u00fcr den schwarzen Kampot Pfeffer werden die Fr\u00fcchte kurz vor der Reife von Hand geerntet, wenn sie eine gelb-orange Farbe aufweisen.\",\"breadcrumb\":{\"@id\":\"https:\\\/\\\/www.raffinessen.ch\\\/produkt\\\/amazonas-chili-gelb-17-g\\\/#breadcrumb\"},\"inLanguage\":\"fr-FR\",\"potentialAction\":[{\"@type\":\"ReadAction\",\"target\":[\"https:\\\/\\\/www.raffinessen.ch\\\/produkt\\\/amazonas-chili-gelb-17-g\\\/\"]}]},{\"@type\":\"ImageObject\",\"inLanguage\":\"fr-FR\",\"@id\":\"https:\\\/\\\/www.raffinessen.ch\\\/produkt\\\/amazonas-chili-gelb-17-g\\\/#primaryimage\",\"url\":\"https:\\\/\\\/www.raffinessen.ch\\\/webseite\\\/wp-content\\\/uploads\\\/2022\\\/11\\\/Chili_Amazonas-gelb.jpg\",\"contentUrl\":\"https:\\\/\\\/www.raffinessen.ch\\\/webseite\\\/wp-content\\\/uploads\\\/2022\\\/11\\\/Chili_Amazonas-gelb.jpg\",\"width\":2000,\"height\":2000},{\"@type\":\"BreadcrumbList\",\"@id\":\"https:\\\/\\\/www.raffinessen.ch\\\/produkt\\\/amazonas-chili-gelb-17-g\\\/#breadcrumb\",\"itemListElement\":[{\"@type\":\"ListItem\",\"position\":1,\"name\":\"Home\",\"item\":\"https:\\\/\\\/www.raffinessen.ch\\\/\"},{\"@type\":\"ListItem\",\"position\":2,\"name\":\"Shop\",\"item\":\"https:\\\/\\\/www.raffinessen.ch\\\/shop\\\/\"},{\"@type\":\"ListItem\",\"position\":3,\"name\":\"Amazonas Chili gelb (30 g)\"}]},{\"@type\":\"WebSite\",\"@id\":\"https:\\\/\\\/www.raffinessen.ch\\\/#website\",\"url\":\"https:\\\/\\\/www.raffinessen.ch\\\/\",\"name\":\"Raffinessen\",\"description\":\"roter und schwarzer Kampot Pfeffer - Gew\u00fcrze\",\"potentialAction\":[{\"@type\":\"SearchAction\",\"target\":{\"@type\":\"EntryPoint\",\"urlTemplate\":\"https:\\\/\\\/www.raffinessen.ch\\\/?s={search_term_string}\"},\"query-input\":{\"@type\":\"PropertyValueSpecification\",\"valueRequired\":true,\"valueName\":\"search_term_string\"}}],\"inLanguage\":\"fr-FR\"}]}<\/script>\n<!-- \/ Yoast SEO plugin. -->","yoast_head_json":{"title":"Poivre noir de Kampot","description":"F\u00fcr den schwarzen Kampot Pfeffer werden die Fr\u00fcchte kurz vor der Reife von Hand geerntet, wenn sie eine gelb-orange Farbe aufweisen.","robots":{"index":"index","follow":"follow","max-snippet":"max-snippet:-1","max-image-preview":"max-image-preview:large","max-video-preview":"max-video-preview:-1"},"canonical":"https:\/\/www.raffinessen.ch\/fr\/produit\/amazonas-chili-gelb-17-g\/","og_locale":"fr_FR","og_type":"article","og_title":"Schwarzer Kampot Pfeffer","og_description":"F\u00fcr den schwarzen Kampot Pfeffer werden die Fr\u00fcchte kurz vor der Reife von Hand geerntet, wenn sie eine gelb-orange Farbe aufweisen.","og_url":"https:\/\/www.raffinessen.ch\/fr\/produit\/amazonas-chili-gelb-17-g\/","og_site_name":"Raffinessen","article_modified_time":"2022-12-29T21:13:26+00:00","og_image":[{"width":2000,"height":2000,"url":"https:\/\/www.raffinessen.ch\/webseite\/wp-content\/uploads\/2022\/11\/Chili_Amazonas-gelb.jpg","type":"image\/jpeg"}],"twitter_card":"summary_large_image","twitter_misc":{"Dur\u00e9e de lecture estim\u00e9e":"1 minute"},"schema":{"@context":"https:\/\/schema.org","@graph":[{"@type":"WebPage","@id":"https:\/\/www.raffinessen.ch\/produkt\/amazonas-chili-gelb-17-g\/","url":"https:\/\/www.raffinessen.ch\/produkt\/amazonas-chili-gelb-17-g\/","name":"Poivre noir de Kampot","isPartOf":{"@id":"https:\/\/www.raffinessen.ch\/#website"},"primaryImageOfPage":{"@id":"https:\/\/www.raffinessen.ch\/produkt\/amazonas-chili-gelb-17-g\/#primaryimage"},"image":{"@id":"https:\/\/www.raffinessen.ch\/produkt\/amazonas-chili-gelb-17-g\/#primaryimage"},"thumbnailUrl":"https:\/\/www.raffinessen.ch\/webseite\/wp-content\/uploads\/2022\/11\/Chili_Amazonas-gelb.jpg","datePublished":"2022-11-04T22:58:38+00:00","dateModified":"2022-12-29T21:13:26+00:00","description":"F\u00fcr den schwarzen Kampot Pfeffer werden die Fr\u00fcchte kurz vor der Reife von Hand geerntet, wenn sie eine gelb-orange Farbe aufweisen.","breadcrumb":{"@id":"https:\/\/www.raffinessen.ch\/produkt\/amazonas-chili-gelb-17-g\/#breadcrumb"},"inLanguage":"fr-FR","potentialAction":[{"@type":"ReadAction","target":["https:\/\/www.raffinessen.ch\/produkt\/amazonas-chili-gelb-17-g\/"]}]},{"@type":"ImageObject","inLanguage":"fr-FR","@id":"https:\/\/www.raffinessen.ch\/produkt\/amazonas-chili-gelb-17-g\/#primaryimage","url":"https:\/\/www.raffinessen.ch\/webseite\/wp-content\/uploads\/2022\/11\/Chili_Amazonas-gelb.jpg","contentUrl":"https:\/\/www.raffinessen.ch\/webseite\/wp-content\/uploads\/2022\/11\/Chili_Amazonas-gelb.jpg","width":2000,"height":2000},{"@type":"BreadcrumbList","@id":"https:\/\/www.raffinessen.ch\/produkt\/amazonas-chili-gelb-17-g\/#breadcrumb","itemListElement":[{"@type":"ListItem","position":1,"name":"Home","item":"https:\/\/www.raffinessen.ch\/"},{"@type":"ListItem","position":2,"name":"Shop","item":"https:\/\/www.raffinessen.ch\/shop\/"},{"@type":"ListItem","position":3,"name":"Amazonas Chili gelb (30 g)"}]},{"@type":"WebSite","@id":"https:\/\/www.raffinessen.ch\/#website","url":"https:\/\/www.raffinessen.ch\/","name":"Raffinements","description":"poivre de Kampot rouge et noir - \u00e9pices","potentialAction":[{"@type":"SearchAction","target":{"@type":"EntryPoint","urlTemplate":"https:\/\/www.raffinessen.ch\/?s={search_term_string}"},"query-input":{"@type":"PropertyValueSpecification","valueRequired":true,"valueName":"search_term_string"}}],"inLanguage":"fr-FR"}]}},"_links":{"self":[{"href":"https:\/\/www.raffinessen.ch\/fr\/wp-json\/wp\/v2\/product\/13681","targetHints":{"allow":["GET"]}}],"collection":[{"href":"https:\/\/www.raffinessen.ch\/fr\/wp-json\/wp\/v2\/product"}],"about":[{"href":"https:\/\/www.raffinessen.ch\/fr\/wp-json\/wp\/v2\/types\/product"}],"wp:featuredmedia":[{"embeddable":true,"href":"https:\/\/www.raffinessen.ch\/fr\/wp-json\/wp\/v2\/media\/13682"}],"wp:attachment":[{"href":"https:\/\/www.raffinessen.ch\/fr\/wp-json\/wp\/v2\/media?parent=13681"}],"wp:term":[{"taxonomy":"product_brand","embeddable":true,"href":"https:\/\/www.raffinessen.ch\/fr\/wp-json\/wp\/v2\/product_brand?post=13681"},{"taxonomy":"product_cat","embeddable":true,"href":"https:\/\/www.raffinessen.ch\/fr\/wp-json\/wp\/v2\/product_cat?post=13681"},{"taxonomy":"product_tag","embeddable":true,"href":"https:\/\/www.raffinessen.ch\/fr\/wp-json\/wp\/v2\/product_tag?post=13681"}],"curies":[{"name":"wp","href":"https:\/\/api.w.org\/{rel}","templated":true}]}}

<p><strong>Contenu</strong></p>
<ul>
<li>30 g de piment d'Amazonie (concassé, 3-6mm), origine : Colombie</li>
</ul>
<p><strong>Piment d'Amazonie jaune :<br />
</strong>La Colombie doit son nom à l'explorateur de l'Amérique, Christophe Colomb. Et c'est ce même Christophe Colomb qui a ramené les premières variétés de piment en Europe. Le fertile bassin amazonien de Colombie, l'une des plus grandes réserves naturelles de notre planète, est l'une des régions d'origine de la famille des piments. C'est de là que le piment jaune d'Amazonie tire son nom.</p>
<p>Avec 50'000 à 70'000 Scoville, ce piment ardent fait partie des piments les plus forts, mais pas extrêmes. Il convainc par sa belle note fruitée, son piquant rectiligne et ses notes discrètes d'acidité.</p>
<p>La couleur jaunâtre du piment d'Amazonie est particulièrement frappante, car il est récolté juste avant sa pleine maturité. Grâce à un séchage en douceur, sa magnifique couleur est préservée, tout comme son piquant fruité.</p>
<p>En cuisine, le piment d'Amazonie peut être utilisé de multiples façons. Les sauces ou les soupes, les plats mijotés, les ragoûts, les plats de viande ou les dips n'attendent que d'être affinés avec le piquant colombien. Pour ceux qui préfèrent la discrétion, le piment est ajouté aux plats juste avant de les servir. Plus le piment est cuit longtemps, plus le piquant se répand de manière dominante.</p>

<p>Inhalt 30 g Amazonas Chili (geschrotet, 3-6mm), Herkunft: Kolumbien Amazonas Chili gelb: Kolumbien verdankt seinem Namen dem Entdecker Amerikas, Christoph Kolumbus. Und jener Kolumbus war es auch, der die ersten Chili-Sorten mit nach Europa brachte. Das fruchtbare Amazonas-Becken Kolumbiens, eines der größten Naturschutzgebiete unserer Erde, gehört zu den Ursprungsgebieten der Chilifamilie. Daher hat der gelbe Amazonas Chili [&hellip;]</p>

<!-- This site is optimized with the Yoast SEO plugin v27.5 - https://yoast.com/product/yoast-seo-wordpress/ -->
<title>Schwarzer Kampot Pfeffer</title>
<meta name="description" content="Für den schwarzen Kampot Pfeffer werden die Früchte kurz vor der Reife von Hand geerntet, wenn sie eine gelb-orange Farbe aufweisen." />
<meta name="robots" content="index, follow, max-snippet:-1, max-image-preview:large, max-video-preview:-1" />
<link rel="canonical" href="https://www.raffinessen.ch/fr/produit/amazonas-chili-gelb-17-g/" />
<meta property="og:locale" content="fr_FR" />
<meta property="og:type" content="article" />
<meta property="og:title" content="Schwarzer Kampot Pfeffer" />
<meta property="og:description" content="Für den schwarzen Kampot Pfeffer werden die Früchte kurz vor der Reife von Hand geerntet, wenn sie eine gelb-orange Farbe aufweisen." />
<meta property="og:url" content="https://www.raffinessen.ch/fr/produit/amazonas-chili-gelb-17-g/" />
<meta property="og:site_name" content="Raffinessen" />
<meta property="article:modified_time" content="2022-12-29T21:13:26+00:00" />
<meta property="og:image" content="https://www.raffinessen.ch/webseite/wp-content/uploads/2022/11/Chili_Amazonas-gelb.jpg" />
	<meta property="og:image:width" content="2000" />
	<meta property="og:image:height" content="2000" />
	<meta property="og:image:type" content="image/jpeg" />
<meta name="twitter:card" content="summary_large_image" />
<meta name="twitter:label1" content="Durée de lecture estimée" />
	<meta name="twitter:data1" content="1 minute" />
<script type="application/ld+json" class="yoast-schema-graph">{"@context":"https:\/\/schema.org","@graph":[{"@type":"WebPage","@id":"https:\/\/www.raffinessen.ch\/produkt\/amazonas-chili-gelb-17-g\/","url":"https:\/\/www.raffinessen.ch\/produkt\/amazonas-chili-gelb-17-g\/","name":"Schwarzer Kampot Pfeffer","isPartOf":{"@id":"https:\/\/www.raffinessen.ch\/#website"},"primaryImageOfPage":{"@id":"https:\/\/www.raffinessen.ch\/produkt\/amazonas-chili-gelb-17-g\/#primaryimage"},"image":{"@id":"https:\/\/www.raffinessen.ch\/produkt\/amazonas-chili-gelb-17-g\/#primaryimage"},"thumbnailUrl":"https:\/\/www.raffinessen.ch\/webseite\/wp-content\/uploads\/2022\/11\/Chili_Amazonas-gelb.jpg","datePublished":"2022-11-04T22:58:38+00:00","dateModified":"2022-12-29T21:13:26+00:00","description":"Für den schwarzen Kampot Pfeffer werden die Früchte kurz vor der Reife von Hand geerntet, wenn sie eine gelb-orange Farbe aufweisen.","breadcrumb":{"@id":"https:\/\/www.raffinessen.ch\/produkt\/amazonas-chili-gelb-17-g\/#breadcrumb"},"inLanguage":"fr-FR","potentialAction":[{"@type":"ReadAction","target":["https:\/\/www.raffinessen.ch\/produkt\/amazonas-chili-gelb-17-g\/"]}]},{"@type":"ImageObject","inLanguage":"fr-FR","@id":"https:\/\/www.raffinessen.ch\/produkt\/amazonas-chili-gelb-17-g\/#primaryimage","url":"https:\/\/www.raffinessen.ch\/webseite\/wp-content\/uploads\/2022\/11\/Chili_Amazonas-gelb.jpg","contentUrl":"https:\/\/www.raffinessen.ch\/webseite\/wp-content\/uploads\/2022\/11\/Chili_Amazonas-gelb.jpg","width":2000,"height":2000},{"@type":"BreadcrumbList","@id":"https:\/\/www.raffinessen.ch\/produkt\/amazonas-chili-gelb-17-g\/#breadcrumb","itemListElement":[{"@type":"ListItem","position":1,"name":"Home","item":"https:\/\/www.raffinessen.ch\/"},{"@type":"ListItem","position":2,"name":"Shop","item":"https:\/\/www.raffinessen.ch\/shop\/"},{"@type":"ListItem","position":3,"name":"Amazonas Chili gelb (30 g)"}]},{"@type":"WebSite","@id":"https:\/\/www.raffinessen.ch\/#website","url":"https:\/\/www.raffinessen.ch\/","name":"Raffinessen","description":"roter und schwarzer Kampot Pfeffer - Gewürze","potentialAction":[{"@type":"SearchAction","target":{"@type":"EntryPoint","urlTemplate":"https:\/\/www.raffinessen.ch\/?s={search_term_string}"},"query-input":{"@type":"PropertyValueSpecification","valueRequired":true,"valueName":"search_term_string"}}],"inLanguage":"fr-FR"}]}</script>
<!-- / Yoast SEO plugin. -->

Für den schwarzen Kampot Pfeffer werden die Früchte kurz vor der Reife von Hand geerntet, wenn sie eine gelb-orange Farbe aufweisen.

poivre de Kampot rouge et noir - épices
