{"version":"1.0","provider_name":"Raffinements","provider_url":"https:\/\/www.raffinessen.ch\/fr","author_name":"Autor","author_url":"https:\/\/www.raffinessen.ch\/fr\/author\/matthias\/","title":"Teil 3: Mit dem Latein am Ende - Raffinessen","type":"rich","width":600,"height":338,"html":"<blockquote class=\"wp-embedded-content\" data-secret=\"pdSR05LGSN\"><a href=\"https:\/\/www.raffinessen.ch\/fr\/teil-3-mit-dem-latein-am-ende\/\">Partie 3 : \u00c0 bout de souffle<\/a><\/blockquote><iframe sandbox=\"allow-scripts\" security=\"restricted\" src=\"https:\/\/www.raffinessen.ch\/fr\/teil-3-mit-dem-latein-am-ende\/embed\/#?secret=pdSR05LGSN\" width=\"600\" height=\"338\" title=\"\u00ab\u00a0Teil 3: Mit dem Latein am Ende\u00a0\u00bb &#8212; Raffinessen\" data-secret=\"pdSR05LGSN\" frameborder=\"0\" marginwidth=\"0\" marginheight=\"0\" scrolling=\"no\" class=\"wp-embedded-content\"><\/iframe><script type=\"text\/javascript\">\n\/* <![CDATA[ *\/\n\/*! This file is auto-generated *\/\n!function(d,l){\"use strict\";l.querySelector&&d.addEventListener&&\"undefined\"!=typeof URL&&(d.wp=d.wp||{},d.wp.receiveEmbedMessage||(d.wp.receiveEmbedMessage=function(e){var t=e.data;if((t||t.secret||t.message||t.value)&&!\/[^a-zA-Z0-9]\/.test(t.secret)){for(var s,r,n,a=l.querySelectorAll('iframe[data-secret=\"'+t.secret+'\"]'),o=l.querySelectorAll('blockquote[data-secret=\"'+t.secret+'\"]'),c=new RegExp(\"^https?:$\",\"i\"),i=0;i<o.length;i++)o[i].style.display=\"none\";for(i=0;i<a.length;i++)s=a[i],e.source===s.contentWindow&&(s.removeAttribute(\"style\"),\"height\"===t.message?(1e3<(r=parseInt(t.value,10))?r=1e3:~~r<200&&(r=200),s.height=r):\"link\"===t.message&&(r=new URL(s.getAttribute(\"src\")),n=new URL(t.value),c.test(n.protocol))&&n.host===r.host&&l.activeElement===s&&(d.top.location.href=t.value))}},d.addEventListener(\"message\",d.wp.receiveEmbedMessage,!1),l.addEventListener(\"DOMContentLoaded\",function(){for(var e,t,s=l.querySelectorAll(\"iframe.wp-embedded-content\"),r=0;r<s.length;r++)(t=(e=s[r]).getAttribute(\"data-secret\"))||(t=Math.random().toString(36).substring(2,12),e.src+=\"#?secret=\"+t,e.setAttribute(\"data-secret\",t)),e.contentWindow.postMessage({message:\"ready\",secret:t},\"*\")},!1)))}(window,document);\n\/\/# sourceURL=https:\/\/www.raffinessen.ch\/webseite\/wp-includes\/js\/wp-embed.min.js\n\/* ]]> *\/\n<\/script>","thumbnail_url":"https:\/\/www.raffinessen.ch\/webseite\/wp-content\/uploads\/2018\/05\/map-of-the-world-429784_1920.jpg","thumbnail_width":1920,"thumbnail_height":1280,"description":"Ich bin davon ausgegangen, dass Piper ein lateinisches Wort sei. Die R\u00f6mer hatten bereits Pfeffer verwendet, das weiss ich sp\u00e4testens aus den Lekt\u00fcren meiner Gymnasialzeit. Es w\u00fcrde ja durchaus passen, dass die Verwendung von Pfeffer, wie so vieles, mit der r\u00f6mischen Kultur Verbreitung gefunden hatte. Das lateinische Wort Piper passt sich dann den verschiedenen Sprachen [&hellip;]"}

<blockquote class="wp-embedded-content" data-secret="pdSR05LGSN"><a href="https://www.raffinessen.ch/fr/teil-3-mit-dem-latein-am-ende/">Partie 3 : À bout de souffle</a></blockquote><iframe sandbox="allow-scripts" security="restricted" src="https://www.raffinessen.ch/fr/teil-3-mit-dem-latein-am-ende/embed/#?secret=pdSR05LGSN" width="600" height="338" title="« Teil 3: Mit dem Latein am Ende » &#8212; Raffinessen" data-secret="pdSR05LGSN" frameborder="0" marginwidth="0" marginheight="0" scrolling="no" class="wp-embedded-content"></iframe><script type="text/javascript">
/* <![CDATA[ */
/*! This file is auto-generated */
!function(d,l){"use strict";l.querySelector&&d.addEventListener&&"undefined"!=typeof URL&&(d.wp=d.wp||{},d.wp.receiveEmbedMessage||(d.wp.receiveEmbedMessage=function(e){var t=e.data;if((t||t.secret||t.message||t.value)&&!/[^a-zA-Z0-9]/.test(t.secret)){for(var s,r,n,a=l.querySelectorAll('iframe[data-secret="'+t.secret+'"]'),o=l.querySelectorAll('blockquote[data-secret="'+t.secret+'"]'),c=new RegExp("^https?:$","i"),i=0;i<o.length;i++)o[i].style.display="none";for(i=0;i<a.length;i++)s=a[i],e.source===s.contentWindow&&(s.removeAttribute("style"),"height"===t.message?(1e3<(r=parseInt(t.value,10))?r=1e3:~~r<200&&(r=200),s.height=r):"link"===t.message&&(r=new URL(s.getAttribute("src")),n=new URL(t.value),c.test(n.protocol))&&n.host===r.host&&l.activeElement===s&&(d.top.location.href=t.value))}},d.addEventListener("message",d.wp.receiveEmbedMessage,!1),l.addEventListener("DOMContentLoaded",function(){for(var e,t,s=l.querySelectorAll("iframe.wp-embedded-content"),r=0;r<s.length;r++)(t=(e=s[r]).getAttribute("data-secret"))||(t=Math.random().toString(36).substring(2,12),e.src+="#?secret="+t,e.setAttribute("data-secret",t)),e.contentWindow.postMessage({message:"ready",secret:t},"*")},!1)))}(window,document);
//# sourceURL=https://www.raffinessen.ch/webseite/wp-includes/js/wp-embed.min.js
/* ]]> */
</script>

Ich bin davon ausgegangen, dass Piper ein lateinisches Wort sei. Die Römer hatten bereits Pfeffer verwendet, das weiss ich spätestens aus den Lektüren meiner Gymnasialzeit. Es würde ja durchaus passen, dass die Verwendung von Pfeffer, wie so vieles, mit der römischen Kultur Verbreitung gefunden hatte. Das lateinische Wort Piper passt sich dann den verschiedenen Sprachen [&hellip;]
