{"version":"1.0","provider_name":"Raffinements","provider_url":"https:\/\/www.raffinessen.ch\/fr","author_name":"Autor","author_url":"https:\/\/www.raffinessen.ch\/fr\/author\/matthias\/","title":"Die Ernte 2019 hat begonnen! - Raffinessen","type":"rich","width":600,"height":338,"html":"<blockquote class=\"wp-embedded-content\" data-secret=\"nPjOfJnByG\"><a href=\"https:\/\/www.raffinessen.ch\/fr\/die-ernte-2019-hat-begonnen\/\">La r\u00e9colte 2019 a commenc\u00e9 !<\/a><\/blockquote><iframe sandbox=\"allow-scripts\" security=\"restricted\" src=\"https:\/\/www.raffinessen.ch\/fr\/die-ernte-2019-hat-begonnen\/embed\/#?secret=nPjOfJnByG\" width=\"600\" height=\"338\" title=\"\u00ab\u00a0Die Ernte 2019 hat begonnen!\u00a0\u00bb &#8212; Raffinessen\" data-secret=\"nPjOfJnByG\" frameborder=\"0\" marginwidth=\"0\" marginheight=\"0\" scrolling=\"no\" class=\"wp-embedded-content\"><\/iframe><script type=\"text\/javascript\">\n\/* <![CDATA[ *\/\n\/*! This file is auto-generated *\/\n!function(d,l){\"use strict\";l.querySelector&&d.addEventListener&&\"undefined\"!=typeof URL&&(d.wp=d.wp||{},d.wp.receiveEmbedMessage||(d.wp.receiveEmbedMessage=function(e){var t=e.data;if((t||t.secret||t.message||t.value)&&!\/[^a-zA-Z0-9]\/.test(t.secret)){for(var s,r,n,a=l.querySelectorAll('iframe[data-secret=\"'+t.secret+'\"]'),o=l.querySelectorAll('blockquote[data-secret=\"'+t.secret+'\"]'),c=new RegExp(\"^https?:$\",\"i\"),i=0;i<o.length;i++)o[i].style.display=\"none\";for(i=0;i<a.length;i++)s=a[i],e.source===s.contentWindow&&(s.removeAttribute(\"style\"),\"height\"===t.message?(1e3<(r=parseInt(t.value,10))?r=1e3:~~r<200&&(r=200),s.height=r):\"link\"===t.message&&(r=new URL(s.getAttribute(\"src\")),n=new URL(t.value),c.test(n.protocol))&&n.host===r.host&&l.activeElement===s&&(d.top.location.href=t.value))}},d.addEventListener(\"message\",d.wp.receiveEmbedMessage,!1),l.addEventListener(\"DOMContentLoaded\",function(){for(var e,t,s=l.querySelectorAll(\"iframe.wp-embedded-content\"),r=0;r<s.length;r++)(t=(e=s[r]).getAttribute(\"data-secret\"))||(t=Math.random().toString(36).substring(2,12),e.src+=\"#?secret=\"+t,e.setAttribute(\"data-secret\",t)),e.contentWindow.postMessage({message:\"ready\",secret:t},\"*\")},!1)))}(window,document);\n\/\/# sourceURL=https:\/\/www.raffinessen.ch\/webseite\/wp-includes\/js\/wp-embed.min.js\n\/* ]]> *\/\n<\/script>","thumbnail_url":"https:\/\/www.raffinessen.ch\/webseite\/wp-content\/uploads\/2018\/05\/Roter-Kampot-Korb.jpg","thumbnail_width":3000,"thumbnail_height":2000,"description":"Die Pfefferpflanzen sind soweit ausgereift, dass an den Rispen das ganze Farbspektrum der Pfefferfr\u00fcchte zu finden ist. T\u00e4glich suchen unsere Mitarbeitenden die Pflanzen nach ausgereiften roten Pfefferk\u00f6rnern ab und pfl\u00fccken diese einzeln von Hand um sie anschliessend an der Sonne trocknen zu lassen. Damit vor Einsetzen der Regenzeit alle K\u00f6rner geerntet und getrocknet sind, wird [&hellip;]"}

<blockquote class="wp-embedded-content" data-secret="nPjOfJnByG"><a href="https://www.raffinessen.ch/fr/die-ernte-2019-hat-begonnen/">La récolte 2019 a commencé !</a></blockquote><iframe sandbox="allow-scripts" security="restricted" src="https://www.raffinessen.ch/fr/die-ernte-2019-hat-begonnen/embed/#?secret=nPjOfJnByG" width="600" height="338" title="« Die Ernte 2019 hat begonnen! » &#8212; Raffinessen" data-secret="nPjOfJnByG" frameborder="0" marginwidth="0" marginheight="0" scrolling="no" class="wp-embedded-content"></iframe><script type="text/javascript">
/* <![CDATA[ */
/*! This file is auto-generated */
!function(d,l){"use strict";l.querySelector&&d.addEventListener&&"undefined"!=typeof URL&&(d.wp=d.wp||{},d.wp.receiveEmbedMessage||(d.wp.receiveEmbedMessage=function(e){var t=e.data;if((t||t.secret||t.message||t.value)&&!/[^a-zA-Z0-9]/.test(t.secret)){for(var s,r,n,a=l.querySelectorAll('iframe[data-secret="'+t.secret+'"]'),o=l.querySelectorAll('blockquote[data-secret="'+t.secret+'"]'),c=new RegExp("^https?:$","i"),i=0;i<o.length;i++)o[i].style.display="none";for(i=0;i<a.length;i++)s=a[i],e.source===s.contentWindow&&(s.removeAttribute("style"),"height"===t.message?(1e3<(r=parseInt(t.value,10))?r=1e3:~~r<200&&(r=200),s.height=r):"link"===t.message&&(r=new URL(s.getAttribute("src")),n=new URL(t.value),c.test(n.protocol))&&n.host===r.host&&l.activeElement===s&&(d.top.location.href=t.value))}},d.addEventListener("message",d.wp.receiveEmbedMessage,!1),l.addEventListener("DOMContentLoaded",function(){for(var e,t,s=l.querySelectorAll("iframe.wp-embedded-content"),r=0;r<s.length;r++)(t=(e=s[r]).getAttribute("data-secret"))||(t=Math.random().toString(36).substring(2,12),e.src+="#?secret="+t,e.setAttribute("data-secret",t)),e.contentWindow.postMessage({message:"ready",secret:t},"*")},!1)))}(window,document);
//# sourceURL=https://www.raffinessen.ch/webseite/wp-includes/js/wp-embed.min.js
/* ]]> */
</script>

Die Pfefferpflanzen sind soweit ausgereift, dass an den Rispen das ganze Farbspektrum der Pfefferfrüchte zu finden ist. Täglich suchen unsere Mitarbeitenden die Pflanzen nach ausgereiften roten Pfefferkörnern ab und pflücken diese einzeln von Hand um sie anschliessend an der Sonne trocknen zu lassen. Damit vor Einsetzen der Regenzeit alle Körner geerntet und getrocknet sind, wird [&hellip;]
